7389757
List the prime factors of 4107289292.
2, 601, 1708523
What are the prime factors of 17975755?
5, 7, 513593
List the prime factors of 930501622.
2, 167, 1559, 1787
What are the prime factors of 2441695476?
2, 3, 11, 18497693
List the prime factors of 1253806165.
5, 193, 619, 2099
What are the prime factors of 400968874?
2, 200484437
List the prime factors of 352211325.
3, 5, 37, 126923
List the prime factors of 604626771.
3, 7, 29, 992819
What are the prime factors of 585328987?
2903, 201629
List the prime factors of 4309556624.
2, 359, 401, 1871
List the prime factors of 111331045.
5, 7, 17, 187111
List the prime factors of 1876340192.
2, 58635631
What are the prime factors of 14936197?
37, 403681
What are the prime factors of 2622647914?
2, 1583, 828379
List the prime factors of 150198320.
2, 5, 1877479
List the prime factors of 47463040.
2, 5, 74161
What are the prime factors of 482560120?
2, 5, 7, 239, 7211
What are the prime factors of 40748367?
3, 11, 1234799
List the prime factors of 42286119.
3, 523, 26951
What are the prime factors of 149081334?
2, 3, 19, 1307731
What are the prime factors of 630764592?
2, 3, 43, 305603
List the prime factors of 1510411664.
2, 94400729
List the prime factors of 496752159.
3, 165584053
What are the prime factors of 2108173?
101, 20873
List the prime factors of 30931460.
2, 5, 7, 220939
List the prime factors of 820616811.
3, 7, 523, 74717
What are the prime factors of 71328174?
2, 3, 97, 122557
What are the prime factors of 46305396?
2, 3, 1286261
What are the prime factors of 108667100?
2, 5, 277, 3923
List the prime factors of 1321367308.
2, 113, 2923379
What are the prime factors of 97927931?
47, 2083573
What are the prime factors of 18614472?
2, 3, 775603
What are the prime factors of 168576544?
2, 5268017
List the prime factors of 705419482.
2, 1543, 228587
List the prime factors of 2398031.
151, 15881
What are the prime factors of 732944940?
2, 3, 5, 7, 13, 127, 151
List the prime factors of 133552496.
2, 7, 11, 43, 2521
What are the prime factors of 2636550358?
2, 13, 101405783
List the prime factors of 219232543.
89, 113, 21799
List the prime factors of 60980489.
41, 929, 1601
What are the prime factors of 118531958?
2, 59265979
List the prime factors of 198879698.
2, 2647, 37567
List the prime factors of 31784944.
2, 173, 11483
List the prime factors of 1872103406.
2, 936051703
List the prime factors of 17643021.
3, 11, 534637
List the prime factors of 2129465081.
10651, 199931
List the prime factors of 18615643.
2833, 6571
What are the prime factors of 959683114?
2, 13, 3593, 10273
List the prime factors of 1687635910.
2, 5, 2963, 56957
What are the prime factors of 26478428?
2, 23, 449, 641
What are the prime factors of 879311737?
14153, 62129
What are the prime factors of 13835789?
11, 97, 12967
List the prime factors of 42353562.
2, 3, 17, 415231
List the prime factors of 1845198312.
2, 3, 29, 139, 19073
List the prime factors of 70521380.
2, 5, 563, 6263
What are the prime factors of 6903043?
7, 986149
What are the prime factors of 2194801707?
3, 7, 104514367
List the prime factors of 16208487.
3, 739, 2437
What are the prime factors of 61688035?
5, 3359, 3673
List the prime factors of 7830926.
2, 19, 206077
What are the prime factors of 1147638271?
13, 6790759
List the prime factors of 218657419.
29, 199, 37889
What are the prime factors of 1739359427?
13, 19, 7041941
List the prime factors of 102690354.
2, 3, 13, 23, 57241
List the prime factors of 357242372.
2, 1823, 48991
What are the prime factors of 559764852?
2, 3, 19, 71, 151, 229
What are the prime factors of 154606808?
2, 311, 62141
List the prime factors of 2342819406.
2, 3, 390469901
List the prime factors of 2155356641.
3853, 559397
List the prime factors of 661627784.
2, 37, 2235229
What are the prime factors of 1136251748?
2, 6673, 42569
List the prime factors of 107642355.
3, 5, 97, 167, 443
What are the prime factors of 62934041?
62934041
What are the prime factors of 74417986?
2, 251, 148243
What are the prime factors of 99428462?
2, 7, 7102033
What are the prime factors of 40760353?
73, 647, 863
List the prime factors of 1078864706.
2, 3529, 152857
List the prime factors of 273721833.
3, 7, 11, 394981
What are the prime factors of 2499505507?
2499505507
What are the prime factors of 1664664202?
2, 19013, 43777
List the prime factors of 32503434.
2, 3, 431, 12569
List the prime factors of 292397304.
2, 3, 12183221
List the prime factors of 386248097.
13249, 29153
List the prime factors of 28152677.
7, 79, 50909
List the prime factors of 448965351.
3, 1021, 48859
What are the prime factors of 278438190?
2, 3, 5, 9281273
List the prime factors of 3796109.
3796109
What are the prime factors of 696632582?
2, 197, 227, 7789
List the prime factors of 43971266.
2, 4421, 4973
What are the prime factors of 136229937?
3, 809, 56131
List the prime factors of 4099260961.
571, 7179091
What are the prime factors of 928667397?
3, 7, 44222257
What are the prime factors of 2929094177?
2929094177
List the prime factors of 66120435.
3, 5, 29, 16889
What are the prime factors of 26475058?
2, 1471, 8999
List the prime factors of 64901686.
2, 1301, 24943
What are the prime factors of 102010708?
2, 31, 822667
List the prime factors of 45375938.
2, 89, 227, 1123
List the prime factors of 105736653.
3, 11, 19, 67, 839
What are the prime factors of 46516684?
2, 463, 25117
List the prime factors of 156711816.
2, 3, 283, 7691
What are the prime factors of 3414117?
3, 7, 162577
What are the prime factors of 1880148388?
2, 17, 31, 599, 1489
What are the prime factors of 97571974?
2, 48785987
List the prime factors of 14211024.
2, 3, 149, 1987
List the prime factors of 333857509.
17, 977, 20101
What are the prime factors of 84175878?
2, 3, 3517, 3989
List the prime factors of 68392149.
3, 7, 227, 14347
List the prime factors of 105913223.
13, 149, 54679
List the prime factors of 1880779506.
2, 3, 23, 89, 153133
What are the prime factors of 5314822597?
7, 73, 10400827
List the prime factors of 43896985.
5, 11, 37, 53
List the prime factors of 61685184.
2, 3, 11, 29207
List the prime factors of 312178076.
2, 7, 73, 152729
What are the prime factors of 1691452729?
23, 97, 758159
List the prime factors of 257518833.
3, 11, 13, 23, 26099
List the prime factors of 45338412.
2, 3, 7, 539743
List the prime factors of 4918436321.
71, 109, 599, 1061
List the prime factors of 256995868.
2, 17, 439, 8609
What are the prime factors of 2372717436?
2, 3, 6991, 28283
List the prime factors of 3060682280.
2, 5, 1709, 44773
What are the prime factors of 6547953085?
5, 37, 35394341
List the prime factors of 13721014.
2, 163, 42089
List the prime factors of 9840043.
19, 571, 907
What are the prime factors of 674495219?
674495219
List the prime factors of 541263492.
2, 3, 7, 11, 61, 97
What are the prime factors of 341174007?
3, 103, 113, 3257
What are the prime factors of 335909217?
3, 7, 83, 191, 1009
What are the prime factors of 306299887?
1669, 183523
What are the prime factors of 238566486?
2, 3, 61, 651821
List the prime factors of 838051785.
3, 5, 293, 21187
List the prime factors of 34811917.
7, 4973131
What are the prime factors of 2406294952?
2, 29, 709, 14629
List the prime factors of 609272132.
2, 7, 97, 224327
List the prime factors of 20956240.
2, 5, 17, 19, 811
List the prime factors of 476993473.
11, 461, 94063
List the prime factors of 293233204.
2, 11, 17, 373, 1051
List the prime factors of 1647363713.
20543, 80191
What are the prime factors of 456975191?
456975191
List the prime factors of 1829101739.
1829101739
List the prime factors of 1672358536.
2, 209044817
What are the prime factors of 1187953929?
3, 19, 6947099
What are the prime factors of 5146771719?
3, 1715590573
What are the prime factors of 416505472?
2, 3253949
What are the prime factors of 72484657?
7, 397, 26083
List the prime factors of 93448405.
5, 17, 1099393
List the prime factors of 4495416992.
2, 11, 67, 190613
List the prime factors of 1800526132.
2, 29, 149, 104173
What are the prime factors of 1974738487?
2711, 728417
List the prime factors of 20790445.
5, 13, 317, 1009
What are the prime factors of 56645032?
2, 149, 47521
List the prime factors of 167993339.
239, 